st common factor of 13 and h.
13
Let j(y) = 4*y**2 - 3*y - 1. Let v be j(-1). What is the greatest common divisor of 3 and v?
3
Let t = 123 - 102. What is the highest common divisor of 9 and t?
3
Let p(y) = -y**3 + 14*y**2 + 2*y - 11. Let r be p(14). What is the highest common factor of 17 and r?
17
Suppose 4*j - 2 - 18 = 0. What is the greatest common factor of 25 and j?
5
Let h be (-3 + 2)*(-6)/3. Calculate the greatest common factor of h and 4.
2
Let x = -23 - -42. Suppose -x = -2*m - 7. Calculate the greatest common factor of m and 6.
6
Let l = 12 + -5. What is the greatest common divisor of l and 56?
7
Let f(v) = v**3 + v + 24. Let k be f(0). What is the greatest common divisor of 24 and k?
24
Let x be (-126)/(12/(-3) - -2). What is the greatest common factor of 9 and x?
9
Let o be (-30)/(-12)*8/10. Suppose 28 = 6*g - o*g. Calculate the highest common divisor of g and 7.
7
Let j(g) = g**2 - g + 4. Let k be j(5). Let n = 75 + k. What is the highest common factor of n and 11?
11
Let r be -1*-30*(2 - 1). What is the highest common divisor of 150 and r?
30
Suppose 0 = 5*r - 2*p - 16, -4*r + 5*p + 3 = -3. Let i = 61 - 25. Calculate the highest common divisor of i and r.
4
Suppose -10 = 5*l + 4*i, 3*l + 5*i + 0*i = -19. Suppose -l*v + 4*v = 270. What is the greatest common factor of 15 and v?
15
Suppose -5 = -3*c + 7. What is the greatest common divisor of 24 and c?
4
Let z(g) = 120*g**3 - g**2 + 9*g - 9. Let y be z(1). Let q = 9 - -8. Calculate the highest common factor of q and y.
17
Let l be 3*(-2 + 30/9). Suppose t + 4*z - 14 = 0, 5*t - 5*z - 41 - l = 0. Let k(a) = -29*a - 6. Let d be k(-4). What is the greatest common factor of d and t?
10
Suppose -3*j = 3*v - 36, 0*j + 6 = v + 3*j. Suppose 3*g + 2*g = -5, 0 = -4*y + 3*g + v. What is the greatest common factor of y and 21?
3
Suppose 3 - 99 = -8*x. What is the highest common divisor of 36 and x?
12
Let s = 2 - -1. Suppose 0 = 7*z - s*z - 12. What is the greatest common divisor of 24 and z?
3
Let g(b) = -3*b. Let y be g(2). Let m(l) = -3*l**3 + 7 - 5*l**2 + 6*l + 5*l**3 - 3*l**3. Let u be m(y). Calculate the greatest common factor of u and 7.
7
Let j(q) = q**3 + 11*q**2 - 13*q + 3. Let r be j(-12). Let u = 237 - 132. What is the greatest common factor of r and u?
15
Let v be (-1 - 6/2) + 2. Let t(r) be the first derivative of 4*r**3/3 + r**2/2 - 12. Let f be t(v). What is the highest common divisor of f and 2?
2
Suppose 2*y - 3*v = -3*y + 75, 4*y + 4*v - 28 = 0. What is the highest common divisor of y and 48?
12
Let p(u) = -2*u**2 - 7*u - 12. Let i be p(-8). Let l = i - -188. Suppose d - 12 = 1. Calculate the highest common divisor of l and d.
13
Suppose -3*n + 276 = -2*i - 140, 4*i - 8 = 0. Calculate the greatest common factor of 20 and n.
20
Let t(o) = o**2 - o - 2. Suppose -4*g - 14 = -6. Let w be t(g). Calculate the greatest common factor of w and 4.
4
Let x(p) = -p**3 - 5*p**2 - 5*p + 4. Let u be x(-4). Let j be 1/((-6)/(-3))*2. Calculate the highest common divisor of j and u.
1
Let g(l) = -l**3 + l**2 + l + 46. Let f be g(0). Let o = f - 16. What is the highest common divisor of o and 20?
10
Let m be (6/4)/(6/32). Let u = -52 + 54. Calculate the highest common divisor of u and m.
2
Let l(i) = 10*i + 7. Let n be l(14). Calculate the greatest common factor of n and 21.
21
Let g(v) = -v**3 - v**2 + 3. Let m be g(0). Suppose -2*z - f = 2*z - 316, 0 = 4*z - m*f - 332. What is the highest common divisor of z and 10?
10
Let a(x) = 11*x**2 + 2*x + 1. Let o be a(-3). Suppose 11 + 4 = 3*r. Suppose o = r*c - 86. Calculate the highest common factor of c and 9.
9
Let m = 13 + -9. Suppose 0 = y + 3*y - m. Let s = -8 - -13. What is the greatest common factor of y and s?
1
Let c = 169 + -106. Suppose 0 = -0*l + l - c. What is the greatest common factor of 7 and l?
7
Let i be -6 + 2/(-1 - -3). Let v(k) = -k**2 - 8*k + 1. Let u be v(i). What is the greatest common factor of u and 144?
16
Let o be (8 - 2)*(1 + 2). Let u be (-50)/o + 8/(-36). Let b be 842/4 + u/2. What is the highest common factor of 19 and b?
19
Let c be (5/2)/(25/20). Let f be (-15)/5 + c + 11. Calculate the highest common divisor of f and 10.
10
Suppose -2*u + 198 = 3*q, 0 = -3*u - 2*q - q + 303. Calculate the highest common divisor of u and 15.
15
Let s = -141 - -251. Let f(a) = -14*a - 118. Let g be f(-10). Calculate the greatest common divisor of s and g.
22
Let i(c) = -2*c**2 + c + 1. Let r be i(-2). Let z = r + 21. Calculate the greatest common factor of 30 and z.
6
Suppose -4*z + 22 = 4*j - 26, 4*z - 30 = 5*j. What is the highest common divisor of 55 and z?
5
Let f be 416/10 - 8/(-20). What is the greatest common factor of f and 6?
6
Suppose 592 = 4*u + 32. Calculate the greatest common divisor of u and 14.
14
Suppose 0 = -7*w + 65 - 2. Calculate the greatest common divisor of w and 99.
9
Suppose 102 = 4*c - 2*s - 422, 4*c - 518 = 5*s. Let i(m) = m - 6. Let a be i(0). Let x be -18*((-8)/a - 2). Calculate the greatest common factor of x and c.
12
Let v be 2/(-4)*(-14 + 0). Suppose -v = g - 17. Calculate the greatest common divisor of g and 10.
10
Suppose 8 = 3*l - 5*s - 8, 0 = -3*l + 2*s + 19. Calculate the highest common divisor of 1 and l.
1
Let d(h) = 4*h - 9. Let w be d(6). Suppose 0 = -2*r + c + w, 0 = -c + 5*c + 4. Calculate the highest common factor of r and 56.
7
Let z(r) = -r**2 + 13*r + 44. Let x be z(15). Calculate the greatest common factor of 21 and x.
7
Let r be (1/2)/(4/864 + 0). What is the highest common divisor of r and 36?
36
Suppose 2*x + x = 45. Suppose t + 0 = 7. Let p be (-2)/(-7) - (-208)/t. What is the greatest common divisor of p and x?
15
Let h(w) = -5 - 7*w + 0 + 0 - 24*w. Suppose 8 = -4*m - 8. Let x be h(m). Calculate the greatest common factor of x and 17.
17
Let i = 28 - 25. What is the highest common factor of i and 1?
1
Suppose 37*s - 34*s - 144 = 0. What is the highest common divisor of s and 480?
48
Suppose 50 - 8 = p. Let s be 0/((2*-1)/(-2)). Let z be s + -1 - (-1 + -6). What is the greatest common factor of z and p?
6
Let h be (-2)/(-2) - 10/(-1). Let x = h + -5. Calculate the highest common factor of x and 66.
6
Suppose -5 = -2*i + 5, 5*r - 5*i + 50 = 0. Let k(x) = -11*x + 5. Let g be k(r). What is the highest common factor of g and 12?
12
Suppose 0 = 5*m - 0*m + 210. Let h be (-9)/18 + m/(-4). Calculate the greatest common divisor of h and 25.
5
Suppose -36 = -3*f + 153. What is the greatest common factor of 7 and f?
7
Let y = 1 + -8. Let k = 5 - y. Calculate the greatest common divisor of 48 and k.
12
Suppose 5*k - 789 = -3*v + 85, 520 = 3*k + 4*v. Let h = -2 + 18. What is the greatest common divisor of k and h?
16
Suppose -4*q = 5*p + 5, 2*q - 3*p = 2*p + 35. Let h be ((-48)/(-15))/1*q. Calculate the greatest common factor of 8 and h.
8
Suppose 12*y = 8*y + 120. What is the highest common divisor of y and 10?
10
Suppose -27 + 227 = 8*f. What is the highest common divisor of 175 and f?
25
Suppose -25 = -5*p + 5*u, 5 = -5*p + 3*u + 24. Calculate the highest common factor of p and 22.
2
Let u = 8 - 6. Suppose u*z + 5*d - 6 = -1, z - 25 = 5*d. Let p(a) = -a**3 - 7*a**2 + 6*a + 2. Let n be p(-9). What is the highest common divisor of n and z?
10
Let g(i) = -2*i - 21. Let b be g(-12). Let j = b - -2. Calculate the greatest common factor of 1 and j.
1
Let v = -15 - -39. Let n(i) = -i**3 - 8*i**2 + 9*i + 8. Let t be n(-9). Calculate the highest common factor of t and v.
8
Suppose 3*l + 4*w - 3*w - 6 = 0, 5*l - 5*w = 10. Suppose l*q - 11 = q. Let r be ((-66)/8)/((-6)/16). What is the highest common divisor of r and q?
11
Suppose -2935 = -5*j - 385. Calculate the highest common factor of 51 and j.
51
Let r(v) = v**2 + v - 3. Let z be r(3). Let w be 162/4*(-2)/(-3). Calculate the greatest common factor of w and z.
9
Suppose -2*r + 4*c + 6 = 0, 3*r = 5*c + 20 - 6. Let v = 16 - 14. Suppose d - v*l = 123 - 24, -2*l + 447 = 5*d. What is the highest common divisor of r and d?
13
Let k = 44 - 9. Suppose -3*n - 8 = -c, -1 = -4*c - 2*n + 3. Suppose s + c = -f + 17, 5*f = 4*s - 51. What is the highest common divisor of s and k?
7
Suppose 5*f - 17 = 43. Calculate the greatest common factor of f and 4.
4
Let b(r) = -7*r + 5. Let c be b(-4). Calculate the greatest common factor of 3 and c.
3
Let d be 46/4 +